Let x be j(7). Calculate the highest common factor of x and 1540.
35
Let m = 66 - 46. Suppose -4*c - 3*w = -9, 3*w - 17 = -2*c - m. What is the greatest common divisor of 138 and c?
6
Suppose 30*t - 39482 = 69958. What is the greatest common divisor of t and 60?
12
Let z(t) = 10*t + 250. Let q be z(28). Suppose 0 = 8*j + 26 - q. Suppose -4*y - 14 = -2*u, 5*u - y - 62 = -18. Calculate the greatest common divisor of u and j.
9
Let f(z) = z**2 + 8*z - 6. Let v be f(-9). Suppose -6 = v*l - 12. Let k be (-4)/40*-122 - l/10. What is the greatest common factor of k and 36?
12
Let l(j) = 14*j**2 - j + 1. Let d be l(2). Let o = 182 - 18. Let c = o - 153. Calculate the highest common factor of d and c.
11
Let i(l) = 68*l + 220. Let c be i(21). Calculate the highest common factor of c and 4.
4
Let y(g) = 4*g**2 + 2*g**2 - 25 + 21 - 4*g. Let s be y(5). Calculate the highest common divisor of 42 and s.
42
Let q = 14034 + -13994. What is the highest common divisor of 60 and q?
20
Let a be (-1 + -2 - 2) + (493 - 0) + -4. Calculate the greatest common factor of a and 4.
4
Let c = 2399 - 2089. Calculate the highest common factor of c and 90.
10
Let s be (168 - (-27 + -19)) + -11*1. Suppose 2*d + 44 = -3*v + 206, 3*d - v = 265. Calculate the greatest common factor of d and s.
29
Let j(r) = -r**3 - 5*r + 6 + 6*r - 2*r. Let c be j(0). Calculate the highest common divisor of c and 30.
6
Let j be 158075/575 + 2/23. Calculate the greatest common divisor of 44 and j.
11
Suppose -264 = 14*g - 11*g. Let d = -16 - g. Let v(a) = -a**3 + 15*a**2 + 25*a - 96. Let l be v(16). What is the greatest common divisor of d and l?
24
Let u be (-3)/((-6)/4) + 36. Let o be -7 - (39/(-4))/(6/16). What is the greatest common divisor of o and u?
19
Suppose 5*g = 5*u - 105, 117 = 5*u - 0*u - g. Suppose 617 + 1033 = -30*n. Let b = n - -73. What is the greatest common factor of u and b?
6
Suppose -152*x - 25142 + 66548 = -18*x. Calculate the greatest common factor of x and 3193.
103
Suppose 4*p - 3*u + 2*u = 16, -3*u = p - 17. Suppose s = -i + 5, 4*s - p = -3*i + 6*s. Let j be (-3 + 48/9)*i. What is the greatest common factor of j and 63?
7
Let p(z) = -z - 3. Let w be p(-13). Suppose 15*y = w*y + 10. What is the greatest common divisor of y and 10?
2
Let u be (-563)/(-3) - 6/9. Suppose -u = -41*w + 30*w. Calculate the highest common factor of w and 357.
17
Let c(j) = j**3 - 4*j**2 + 7*j - 6. Let f be c(6). Suppose 11 = -4*h + 15. Let n be ((-30)/12)/(h/(-108)). Calculate the greatest common divisor of f and n.
54
Let l be (-10)/(2 + 1 - 4). Let k be l + 0*(-2)/(-4). Let d = -1208 + 1288. What is the greatest common factor of d and k?
10
Suppose -119*d + 116*d = 2*c - 141, 2*c = 0. What is the highest common factor of 1269 and d?
47
Suppose -6*f = -1295 - 577. Calculate the greatest common factor of f and 2964.
156
Suppose -7*y - 2*q = -5*y - 46, 2*q = -4*y + 100. Suppose 33*j - y*j - 594 = 0. What is the greatest common factor of j and 9?
9
Let m = -666 - -734. Calculate the greatest common divisor of m and 6868.
68
Suppose -5*n + 223 - 7128 = -5*v, -38*v = 2*n - 52438. What is the greatest common factor of 7452 and v?
276
Suppose 6*b - 5*a - 421382 = 0, -2*b - 848*a + 846*a = -140446. What is the greatest common divisor of 51 and b?
51
Let c(o) = 4*o**3 - 4*o**2 - 4*o + 4. Let v be c(5). Suppose -12*q - 259 = -311 - 524. What is the greatest common divisor of v and q?
48
Let r(m) = -9*m + 54. Let j be r(3). Suppose -3*l = -b - 55 + 346, -3*l = -3*b + 885. Calculate the highest common factor of j and b.
27
Let s = 57 + -25. Let q(h) = h**2 + 16*h + 33. Let f be q(-14). Suppose f*t - 30 = 2*x, 2 = -t + x + 5. What is the highest common factor of s and t?
8
Suppose -2*m = -m - 20. Let o(d) = d**2 + 328*d - 6780. Let s be o(20). What is the highest common divisor of m and s?
20
Suppose -397427 = -173*b - 32968 + 1818455. What is the highest common factor of 18 and b?
18
Let m be ((-27)/(-2))/(33/66). What is the greatest common divisor of m and 96?
3
Let j(r) = 60*r**2 + 251*r + 735. Let m be j(-3). Calculate the greatest common divisor of m and 11223.
261
Let k(j) = j**3 + 37*j**2 + 62*j - 194. Let x be k(-30). What is the highest common divisor of x and 44?
22
Let t be 884*(-17)/(306/(-27)). What is the greatest common factor of 312 and t?
78
Suppose 3*d = 12 - 3. Suppose -33 = 2*n - d*n. Let k be (-6)/(30/25) + 8. What is the greatest common factor of n and k?
3
Suppose 3*b + 27*b - 1680 = 0. Suppose -z - z + 56 = i, -2*z = -2*i - b. What is the highest common factor of 7 and z?
7
Let w(q) = 5*q + 132. Suppose 2*g - 114 - 12 = -4*i, -i + 21 = 4*g. Let x be w(i). Calculate the highest common factor of x and 45.
9
Let z = 24 + -24. Suppose z = 22*w - 24*w + 12. Let j be ((-18)/12)/((-2)/64). Calculate the highest common factor of w and j.
6
Suppose -60 = -2*d - 3*d. Suppose 279*s + 582 = -175*s + 9662. What is the highest common divisor of s and d?
4
Suppose 0 = -3*k + 1863 - 108. Suppose -239*z = -245*z + 390. What is the highest common divisor of z and k?
65
Let l(a) = a**3 - 6*a**2 + a + 3. Let z be l(6). Let v = z - -7. Let p = 34 + -18. What is the greatest common factor of p and v?
16
Let y be (-2 - 18909/(-21)) + 5 + 434/(-98). What is the greatest common factor of 62 and y?
31
Let z be -12 - -10 - -14 - (3 - -1). Let j be 4 + 58/z + (-5)/4. What is the greatest common factor of 10 and j?
10
Let x be (10 - 1)*3782/549. Suppose -5*c + 4*c + 558 = 0. What is the greatest common factor of x and c?
62
Suppose -5*f - 3*u - 129 = 0, -2*f + 4*f + 58 = 2*u. Let z = 29 + f. Suppose 2*q = -z*k + 84, -3*q + 4 = -2*q. Calculate the greatest common factor of 19 and k.
19
Let l(c) = 38*c - 115. Let t be l(6). Suppose 2*r = -93 + t. What is the highest common factor of r and 110?
10
Suppose -119 = 82*r - 99*r. Let w = 144 - 81. Calculate the highest common divisor of w and r.
7
Let l(m) = -8*m - 3. Let v be l(-1). Suppose -40 = -v*y + 3*y. Let r be (-405)/(-20) + (-1)/4. Calculate the highest common factor of y and r.
20
Let a = -76 + 78. Let i(u) = 22 - 2*u - 4*u + 5*u + a*u. Let m be i(-19). Calculate the highest common factor of m and 12.
3
Suppose 1 = 4*o - 3. Let i = 163 + -155. What is the highest common factor of i and o?
1
Let u be 124 + 5/((-5)/3). Suppose -u = -21*m + 10*m. Let c = -7 - -40. What is the highest common divisor of m and c?
11
Let m = -1844 + 1838. Let u(r) = -r**2 - 6 - 13*r - 9 - 20. Let f be u(m). Calculate the highest common factor of 21 and f.
7
Suppose 0 = 5*h - 5, -7*z + 2*z - 2*h = -22. Suppose -5*c + 29 = 2*f - 98, -3*c - z*f = -79. What is the highest common factor of c and 1075?
25
Suppose 39*t = 4136 + 388. Let k = 148 - t. Suppose 5*x - 5*q - 32 = -3*q, -3*x + 36 = 3*q. Calculate the greatest common factor of x and k.
8
Suppose 4*b - 224 = -24. Let n be (-217)/(-124) + 6*(-4)/32. Let u be ((-13875)/(-1110))/((-2*n)/(-12)). What is the greatest common divisor of b and u?
25
Let o(s) = s**2 - 69*s + 5650. Let l be o(102). What is the greatest common factor of 294 and l?
98
Let q(p) = 2*p**3 - 23*p**2 - 67*p + 967. Let b be q(11). Calculate the greatest common factor of b and 14.
1
Suppose 5 + 15 = -10*r. Let o be (6 + -8)*3/r. Suppose -o*x - i = -8*x + 270, -i - 50 = -x. Calculate the highest common factor of 22 and x.
11
Suppose -5*y = 3*m - 433, -5*m - 22*y + 20*y + 766 = 0. What is the highest common factor of 108 and m?
12
Let r be ((-10)/(-15))/(-2*(-2)/12). Suppose r*q - 735 = 17*f - 20*f, 0 = -q + 3. Calculate the greatest common factor of 27 and f.
27
Suppose 4*p + 60 = 10*p. Suppose -p = -i - 5. Let d(l) = l**3 - 6*l**2 + 3*l + 17. Let b be d(i). Calculate the greatest common divisor of b and 112.
7
Suppose x - 15 = -2*x. Suppose 0 = x*s - 13*s + 272. Suppose -s*o = -33*o - 2. What is the greatest common divisor of 2 and o?
2
Let o = -17969 + 18613. Calculate the greatest common factor of o and 5957.
161
Let i be (-24)/(-2 + 10179/5096). What is the highest common factor of 98 and i?
98
Let u = -6553 + 23451. What is the greatest common divisor of 14 and u?
14
Let x = -363 - -365. Suppose -5*c + 2219 = -l, x*l - 889 = -2*c + l. Calculate the greatest common factor of 24 and c.
12
Let h be (-2792)/(-5) - 2*(-5)/(-25). Suppose -3*y = 3, -4*l - 2*y + h =